{"id":111627782,"date":"2025-05-30T11:21:05","date_gmt":"2025-05-30T09:21:05","guid":{"rendered":"https:\/\/axtrom.ro\/shop\/produs\/cutie-de-carton-150x100x50-mm-co3\/"},"modified":"2026-03-29T16:55:24","modified_gmt":"2026-03-29T14:55:24","slug":"cutie-de-carton-150x100x50-mm-co3","status":"publish","type":"product","link":"https:\/\/axtrom.ro\/shop\/produs\/cutie-de-carton-150x100x50-mm-co3\/","title":{"rendered":"Cutie de carton 150x100x50 mm, CO3"},"content":{"rendered":"<div class=\"wpb-content-wrapper\"><p>[vc_row][vc_column][vc_column_text woodmart_inline=&#8221;no&#8221; text_larger=&#8221;no&#8221;]<\/p>\n<h3><b>Cutie de carton 150x100x50 mm, CO3<\/b><\/h3>\n<p><b>Descriere produs:<\/b><b><br \/>\n<\/b> Cutia de carton cu dimensiunile 150x100x50 mm este realizat\u0103 din carton CO3 (trei straturi), oferind un echilibru excelent \u00eentre rezisten\u021b\u0103 \u0219i greutate redus\u0103. Este ideal\u0103 pentru ambalarea produselor mici sau a pieselor de dimensiuni reduse ce necesit\u0103 protec\u021bie \u00een timpul transportului sau depozit\u0103rii.<\/p>\n<p><b>Specifica\u021bii tehnice:<\/b><\/p>\n<ul>\n<li>Dimensiuni interioare: 150 x 100 x 50 mm (lungime x l\u0103\u021bime x \u00een\u0103l\u021bime)<\/li>\n<li>Material: carton CO3, ondulur\u0103 B<\/li>\n<li>Culoare: maro natur<\/li>\n<li>Se livreaz\u0103 pliat\u0103, u\u0219or de asamblat<\/li>\n<\/ul>\n<p><b>Utiliz\u0103ri recomandate:<\/b><\/p>\n<ul>\n<li>Ambalarea bijuteriilor, accesoriilor sau componentelor electronice<\/li>\n<li>Ideal\u0103 pentru trimiterea de mostre<\/li>\n<li>Se potrive\u0219te perfect pentru colete mici expediate prin curier<\/li>\n<\/ul>\n<p><b>Avantaje:<\/b><\/p>\n<ul>\n<li>Ocup\u0103 pu\u021bin spa\u021biu la depozitare<\/li>\n<li>Greutate redus\u0103 = costuri mai mici de transport<\/li>\n<li>Asigur\u0103 protec\u021bie mecanic\u0103 pentru obiecte fragile<\/li>\n<\/ul>\n<p>[\/vc_column_text][\/vc_column][\/vc_row]<\/p>\n<\/div>","protected":false},"excerpt":{"rendered":"<p><strong>Caracteristici<\/strong>:<\/p>\n","protected":false},"featured_media":1000000111636626,"comment_status":"open","ping_status":"closed","template":"","meta":[],"product_brand":[],"product_cat":[170,1041],"product_tag":[1018,466],"class_list":{"0":"post-111627782","1":"product","2":"type-product","3":"status-publish","4":"has-post-thumbnail","6":"product_cat-cutii-carton","7":"product_cat-cutii-de-carton-mici","8":"product_tag-cutie-mica","9":"product_tag-cutii-de-carton","10":"product_shipping_class-cutie-150x100x50-2025","12":"first","13":"instock","14":"taxable","15":"shipping-taxable","16":"purchasable","17":"product-type-simple"},"tiered_pricing_type":"fixed","tiered_pricing_fixed_rules":[],"tiered_pricing_percentage_rules":[],"tiered_pricing_minimum":1,"_administrator_tiered_pricing_type":"fixed","_administrator_tiered_pricing_fixed_rules":[],"_editor_tiered_pricing_type":"fixed","_editor_tiered_pricing_fixed_rules":[],"_author_tiered_pricing_type":"fixed","_author_tiered_pricing_fixed_rules":[],"_contributor_tiered_pricing_type":"fixed","_contributor_tiered_pricing_fixed_rules":[],"_subscriber_tiered_pricing_type":"fixed","_subscriber_tiered_pricing_fixed_rules":[],"_customer_tiered_pricing_type":"fixed","_customer_tiered_pricing_fixed_rules":[],"_shop_manager_tiered_pricing_type":"fixed","_shop_manager_tiered_pricing_fixed_rules":[],"_vendor_staff_tiered_pricing_type":"fixed","_vendor_staff_tiered_pricing_fixed_rules":[],"_seller_tiered_pricing_type":"fixed","_seller_tiered_pricing_fixed_rules":[],"_translator_tiered_pricing_type":"fixed","_translator_tiered_pricing_fixed_rules":[],"_pending_user_tiered_pricing_type":"fixed","_pending_user_tiered_pricing_fixed_rules":[],"_suspended_tiered_pricing_type":"fixed","_suspended_tiered_pricing_fixed_rules":[],"_gold_tiered_pricing_type":"fixed","_gold_tiered_pricing_fixed_rules":[],"_fue_manager_tiered_pricing_type":"fixed","_fue_manager_tiered_pricing_fixed_rules":[],"_wpseo_manager_tiered_pricing_type":"fixed","_wpseo_manager_tiered_pricing_fixed_rules":[],"_wpseo_editor_tiered_pricing_type":"fixed","_wpseo_editor_tiered_pricing_fixed_rules":[],"yoast_head":"<!-- This site is optimized with the Yoast SEO plugin v26.4 - https:\/\/yoast.com\/wordpress\/plugins\/seo\/ -->\n<title>Cutie de carton 150x100x50 mm | Cutie de carton clasica mica<\/title>\n<meta name=\"description\" content=\"Cutie de carton 150x100x50 mm, din carton de 3 straturi. Cutia de carton de mici dimensiuni se poate folosii la ambalarea produselor mici.\" \/>\n<meta name=\"robots\" content=\"index, follow, max-snippet:-1, max-image-preview:large, max-video-preview:-1\" \/>\n<link rel=\"canonical\" href=\"https:\/\/axtrom.ro\/shop\/produs\/cutie-de-carton-150x100x50-mm-co3\/\" \/>\n<meta property=\"og:locale\" content=\"ro_RO\" \/>\n<meta property=\"og:type\" content=\"article\" \/>\n<meta property=\"og:title\" content=\"Cutie de carton 150x100x50 mm | Cutie de carton clasica mica\" \/>\n<meta property=\"og:description\" content=\"Cutie de carton 150x100x50 mm, din carton de 3 straturi. Cutia de carton de mici dimensiuni se poate folosii la ambalarea produselor mici.\" \/>\n<meta property=\"og:url\" content=\"https:\/\/axtrom.ro\/shop\/produs\/cutie-de-carton-150x100x50-mm-co3\/\" \/>\n<meta property=\"og:site_name\" content=\"Magazin online cu produse de packaging.\" \/>\n<meta property=\"article:modified_time\" content=\"2026-03-29T14:55:24+00:00\" \/>\n<meta property=\"og:image\" content=\"https:\/\/axtrom.ro\/shop\/wp-content\/uploads\/2023\/05\/Logo-Axtrom.jpg\" \/>\n\t<meta property=\"og:image:width\" content=\"220\" \/>\n\t<meta property=\"og:image:height\" content=\"71\" \/>\n\t<meta property=\"og:image:type\" content=\"image\/jpeg\" \/>\n<meta name=\"twitter:card\" content=\"summary_large_image\" \/>\n<meta name=\"twitter:label1\" content=\"Timp estimat pentru citire\" \/>\n\t<meta name=\"twitter:data1\" content=\"1 minut\" \/>\n<script type=\"application\/ld+json\" class=\"yoast-schema-graph\">{\"@context\":\"https:\/\/schema.org\",\"@graph\":[{\"@type\":\"WebPage\",\"@id\":\"https:\/\/axtrom.ro\/shop\/produs\/cutie-de-carton-150x100x50-mm-co3\/\",\"url\":\"https:\/\/axtrom.ro\/shop\/produs\/cutie-de-carton-150x100x50-mm-co3\/\",\"name\":\"Cutie de carton 150x100x50 mm | Cutie de carton clasica mica\",\"isPartOf\":{\"@id\":\"https:\/\/axtrom.ro\/shop\/#website\"},\"primaryImageOfPage\":{\"@id\":\"https:\/\/axtrom.ro\/shop\/produs\/cutie-de-carton-150x100x50-mm-co3\/#primaryimage\"},\"image\":{\"@id\":\"https:\/\/axtrom.ro\/shop\/produs\/cutie-de-carton-150x100x50-mm-co3\/#primaryimage\"},\"thumbnailUrl\":\"https:\/\/rgi.ro\/wp-content\/uploads\/2025\/05\/cutie-de-carton-150x100x50-mm-2.jpg\",\"datePublished\":\"2025-05-30T09:21:05+00:00\",\"dateModified\":\"2026-03-29T14:55:24+00:00\",\"description\":\"Cutie de carton 150x100x50 mm, din carton de 3 straturi. Cutia de carton de mici dimensiuni se poate folosii la ambalarea produselor mici.\",\"breadcrumb\":{\"@id\":\"https:\/\/axtrom.ro\/shop\/produs\/cutie-de-carton-150x100x50-mm-co3\/#breadcrumb\"},\"inLanguage\":\"ro-RO\",\"potentialAction\":[{\"@type\":\"ReadAction\",\"target\":[\"https:\/\/axtrom.ro\/shop\/produs\/cutie-de-carton-150x100x50-mm-co3\/\"]}]},{\"@type\":\"ImageObject\",\"inLanguage\":\"ro-RO\",\"@id\":\"https:\/\/axtrom.ro\/shop\/produs\/cutie-de-carton-150x100x50-mm-co3\/#primaryimage\",\"url\":\"https:\/\/rgi.ro\/wp-content\/uploads\/2025\/05\/cutie-de-carton-150x100x50-mm-2.jpg\",\"contentUrl\":\"https:\/\/rgi.ro\/wp-content\/uploads\/2025\/05\/cutie-de-carton-150x100x50-mm-2.jpg\"},{\"@type\":\"BreadcrumbList\",\"@id\":\"https:\/\/axtrom.ro\/shop\/produs\/cutie-de-carton-150x100x50-mm-co3\/#breadcrumb\",\"itemListElement\":[{\"@type\":\"ListItem\",\"position\":1,\"name\":\"Magazin\",\"item\":\"https:\/\/axtrom.ro\/shop\/magazin\/\"},{\"@type\":\"ListItem\",\"position\":2,\"name\":\"Cutie de carton 150x100x50 mm, CO3\"}]},{\"@type\":\"WebSite\",\"@id\":\"https:\/\/axtrom.ro\/shop\/#website\",\"url\":\"https:\/\/axtrom.ro\/shop\/\",\"name\":\"Magazin online cu produse de packaging.\",\"description\":\"Cutii carton, banda adeziva, folie cu bule, folie stretch, polietilena si polietilena expandata.\",\"publisher\":{\"@id\":\"https:\/\/axtrom.ro\/shop\/#organization\"},\"potentialAction\":[{\"@type\":\"SearchAction\",\"target\":{\"@type\":\"EntryPoint\",\"urlTemplate\":\"https:\/\/axtrom.ro\/shop\/?s={search_term_string}\"},\"query-input\":{\"@type\":\"PropertyValueSpecification\",\"valueRequired\":true,\"valueName\":\"search_term_string\"}}],\"inLanguage\":\"ro-RO\"},{\"@type\":\"Organization\",\"@id\":\"https:\/\/axtrom.ro\/shop\/#organization\",\"name\":\"Axtrom |srl\",\"alternateName\":\"Complete packaging solutions\",\"url\":\"https:\/\/axtrom.ro\/shop\/\",\"logo\":{\"@type\":\"ImageObject\",\"inLanguage\":\"ro-RO\",\"@id\":\"https:\/\/axtrom.ro\/shop\/#\/schema\/logo\/image\/\",\"url\":\"https:\/\/axtrom.ro\/shop\/wp-content\/uploads\/2023\/05\/Logo-Axtrom.jpg\",\"contentUrl\":\"https:\/\/axtrom.ro\/shop\/wp-content\/uploads\/2023\/05\/Logo-Axtrom.jpg\",\"width\":220,\"height\":71,\"caption\":\"Axtrom |srl\"},\"image\":{\"@id\":\"https:\/\/axtrom.ro\/shop\/#\/schema\/logo\/image\/\"}}]}<\/script>\n<!-- \/ Yoast SEO plugin. -->","yoast_head_json":{"title":"Cutie de carton 150x100x50 mm | Cutie de carton clasica mica","description":"Cutie de carton 150x100x50 mm, din carton de 3 straturi. Cutia de carton de mici dimensiuni se poate folosii la ambalarea produselor mici.","robots":{"index":"index","follow":"follow","max-snippet":"max-snippet:-1","max-image-preview":"max-image-preview:large","max-video-preview":"max-video-preview:-1"},"canonical":"https:\/\/axtrom.ro\/shop\/produs\/cutie-de-carton-150x100x50-mm-co3\/","og_locale":"ro_RO","og_type":"article","og_title":"Cutie de carton 150x100x50 mm | Cutie de carton clasica mica","og_description":"Cutie de carton 150x100x50 mm, din carton de 3 straturi. Cutia de carton de mici dimensiuni se poate folosii la ambalarea produselor mici.","og_url":"https:\/\/axtrom.ro\/shop\/produs\/cutie-de-carton-150x100x50-mm-co3\/","og_site_name":"Magazin online cu produse de packaging.","article_modified_time":"2026-03-29T14:55:24+00:00","og_image":[{"width":220,"height":71,"url":"https:\/\/axtrom.ro\/shop\/wp-content\/uploads\/2023\/05\/Logo-Axtrom.jpg","type":"image\/jpeg"}],"twitter_card":"summary_large_image","twitter_misc":{"Timp estimat pentru citire":"1 minut"},"schema":{"@context":"https:\/\/schema.org","@graph":[{"@type":"WebPage","@id":"https:\/\/axtrom.ro\/shop\/produs\/cutie-de-carton-150x100x50-mm-co3\/","url":"https:\/\/axtrom.ro\/shop\/produs\/cutie-de-carton-150x100x50-mm-co3\/","name":"Cutie de carton 150x100x50 mm | Cutie de carton clasica mica","isPartOf":{"@id":"https:\/\/axtrom.ro\/shop\/#website"},"primaryImageOfPage":{"@id":"https:\/\/axtrom.ro\/shop\/produs\/cutie-de-carton-150x100x50-mm-co3\/#primaryimage"},"image":{"@id":"https:\/\/axtrom.ro\/shop\/produs\/cutie-de-carton-150x100x50-mm-co3\/#primaryimage"},"thumbnailUrl":"https:\/\/rgi.ro\/wp-content\/uploads\/2025\/05\/cutie-de-carton-150x100x50-mm-2.jpg","datePublished":"2025-05-30T09:21:05+00:00","dateModified":"2026-03-29T14:55:24+00:00","description":"Cutie de carton 150x100x50 mm, din carton de 3 straturi. Cutia de carton de mici dimensiuni se poate folosii la ambalarea produselor mici.","breadcrumb":{"@id":"https:\/\/axtrom.ro\/shop\/produs\/cutie-de-carton-150x100x50-mm-co3\/#breadcrumb"},"inLanguage":"ro-RO","potentialAction":[{"@type":"ReadAction","target":["https:\/\/axtrom.ro\/shop\/produs\/cutie-de-carton-150x100x50-mm-co3\/"]}]},{"@type":"ImageObject","inLanguage":"ro-RO","@id":"https:\/\/axtrom.ro\/shop\/produs\/cutie-de-carton-150x100x50-mm-co3\/#primaryimage","url":"https:\/\/rgi.ro\/wp-content\/uploads\/2025\/05\/cutie-de-carton-150x100x50-mm-2.jpg","contentUrl":"https:\/\/rgi.ro\/wp-content\/uploads\/2025\/05\/cutie-de-carton-150x100x50-mm-2.jpg"},{"@type":"BreadcrumbList","@id":"https:\/\/axtrom.ro\/shop\/produs\/cutie-de-carton-150x100x50-mm-co3\/#breadcrumb","itemListElement":[{"@type":"ListItem","position":1,"name":"Magazin","item":"https:\/\/axtrom.ro\/shop\/magazin\/"},{"@type":"ListItem","position":2,"name":"Cutie de carton 150x100x50 mm, CO3"}]},{"@type":"WebSite","@id":"https:\/\/axtrom.ro\/shop\/#website","url":"https:\/\/axtrom.ro\/shop\/","name":"Magazin online cu produse de packaging.","description":"Cutii carton, banda adeziva, folie cu bule, folie stretch, polietilena si polietilena expandata.","publisher":{"@id":"https:\/\/axtrom.ro\/shop\/#organization"},"potentialAction":[{"@type":"SearchAction","target":{"@type":"EntryPoint","urlTemplate":"https:\/\/axtrom.ro\/shop\/?s={search_term_string}"},"query-input":{"@type":"PropertyValueSpecification","valueRequired":true,"valueName":"search_term_string"}}],"inLanguage":"ro-RO"},{"@type":"Organization","@id":"https:\/\/axtrom.ro\/shop\/#organization","name":"Axtrom |srl","alternateName":"Complete packaging solutions","url":"https:\/\/axtrom.ro\/shop\/","logo":{"@type":"ImageObject","inLanguage":"ro-RO","@id":"https:\/\/axtrom.ro\/shop\/#\/schema\/logo\/image\/","url":"https:\/\/axtrom.ro\/shop\/wp-content\/uploads\/2023\/05\/Logo-Axtrom.jpg","contentUrl":"https:\/\/axtrom.ro\/shop\/wp-content\/uploads\/2023\/05\/Logo-Axtrom.jpg","width":220,"height":71,"caption":"Axtrom |srl"},"image":{"@id":"https:\/\/axtrom.ro\/shop\/#\/schema\/logo\/image\/"}}]}},"_links":{"self":[{"href":"https:\/\/axtrom.ro\/shop\/wp-json\/wp\/v2\/product\/111627782","targetHints":{"allow":["GET"]}}],"collection":[{"href":"https:\/\/axtrom.ro\/shop\/wp-json\/wp\/v2\/product"}],"about":[{"href":"https:\/\/axtrom.ro\/shop\/wp-json\/wp\/v2\/types\/product"}],"replies":[{"embeddable":true,"href":"https:\/\/axtrom.ro\/shop\/wp-json\/wp\/v2\/comments?post=111627782"}],"wp:featuredmedia":[{"embeddable":true,"href":"https:\/\/axtrom.ro\/shop\/wp-json\/"}],"wp:attachment":[{"href":"https:\/\/axtrom.ro\/shop\/wp-json\/wp\/v2\/media?parent=111627782"}],"wp:term":[{"taxonomy":"product_brand","embeddable":true,"href":"https:\/\/axtrom.ro\/shop\/wp-json\/wp\/v2\/product_brand?post=111627782"},{"taxonomy":"product_cat","embeddable":true,"href":"https:\/\/axtrom.ro\/shop\/wp-json\/wp\/v2\/product_cat?post=111627782"},{"taxonomy":"product_tag","embeddable":true,"href":"https:\/\/axtrom.ro\/shop\/wp-json\/wp\/v2\/product_tag?post=111627782"}],"curies":[{"name":"wp","href":"https:\/\/api.w.org\/{rel}","templated":true}]}}