{"id":111627608,"date":"2023-10-24T12:09:51","date_gmt":"2023-10-24T10:09:51","guid":{"rendered":"https:\/\/axtrom.ro\/shop\/produs\/folie-pentru-constructii-4-2-m-120-microni\/"},"modified":"2025-07-31T08:45:26","modified_gmt":"2025-07-31T06:45:26","slug":"folie-pentru-constructii-4-2-m-120-microni","status":"publish","type":"product","link":"https:\/\/axtrom.ro\/shop\/produs\/folie-pentru-constructii-4-2-m-120-microni\/","title":{"rendered":"Folie pentru constructii 4.2 m 120 microni"},"content":{"rendered":"<div class=\"wpb-content-wrapper\"><p>[vc_row][vc_column][vc_column_text woodmart_inline=&#8221;no&#8221; text_larger=&#8221;no&#8221;]Folia de constructii comercializata, se vinde la rola cu greutate cuprinsa intre: 45 &#8211; 65 kg. Folia vine sub forma de tub si are o latime toata desfacuta de 4.2 metri.<\/p>\n<p>Folia se folose\u0219te \u00een domeniul construc\u021biilor dar nu numai. Aceasta este foarte rezistent\u0103, produc\u00e2ndu-se din polietilen\u0103 reciclat\u0103 de joas\u0103 densitate. Este ideal\u0103 pentru protec\u021bia diverselor suprafe\u021be, pentru turn\u0103ri de \u0219ape, protec\u021bie \u00eempotriva apei, amenaj\u0103ri, sub pavaje, la funda\u021bii sau pentru a stopa cre\u0219terea plantelor.<\/p>\n<p>Folie polietilen\u0103 contruc\u021bii de culoare neagr\u0103: este ideal\u0103 pentru acoperiri temporare de \u0219ape de beton, protec\u021bie temporar\u0103 a u\u0219ilor \u0219i ferestrelor contra ploii \u0219i a v\u00e2ntului pe toata durata construc\u021biei, orice alte acoperiri cu durat\u0103 determinat\u0103 a unor suprafe\u021be ce pot fi deteriorate u\u0219or de c\u0103tre muncitori sau uneltele acestora.<\/p>\n<p>Culoarea neagr\u0103, mat\u0103, nu este foarte important\u0103 la o folie pe care oricum o ve\u021bi arunca dup\u0103 prima utilizare. Ve\u021bi avea \u00een schimb un pre\u021b cu 30-40% mai mic dec\u00e2t cel al foliei transparente.[\/vc_column_text][\/vc_column][\/vc_row]<\/p>\n<\/div>","protected":false},"excerpt":{"rendered":"<p><span class=\"price\" style=\"font-size: 18px\">pret<span class=\"woocommerce-Price-amount amount\" style=\"font-size: 30px\"> 7.5\u00a0 <span class=\"woocommerce-Price-currencySymbol\">lei \/ kg<\/span><\/span> <small class=\"woocommerce-price-suffix\" style=\"font-size: 18px\">(TVA inclus)<\/small><\/span><br \/>\n&nbsp;<\/p>\n<table class=\"woocommerce-product-attributes shop_attributes\">\n<tbody>\n<tr class=\"woocommerce-product-attributes-item woocommerce-product-attributes-item--attribute_latime-folie-pe\">\n<th class=\"woocommerce-product-attributes-item__label\">Latime folie PE<\/th>\n<td class=\"woocommerce-product-attributes-item__value\">420 cm<\/td>\n<\/tr>\n<tr class=\"woocommerce-product-attributes-item woocommerce-product-attributes-item--attribute_grosime-folie-pe\">\n<th class=\"woocommerce-product-attributes-item__label\">Grosime folie PE<\/th>\n<td class=\"woocommerce-product-attributes-item__value\">120 \u03bc<\/td>\n<\/tr>\n<tr class=\"woocommerce-product-attributes-item woocommerce-product-attributes-item--attribute_kg-rola\">\n<th class=\"woocommerce-product-attributes-item__label\">Kg rola<\/th>\n<td class=\"woocommerce-product-attributes-item__value\">45 -65 kg<\/td>\n<\/tr>\n<tr class=\"woocommerce-product-attributes-item woocommerce-product-attributes-item--attribute_culoare-folie-pe\">\n<th class=\"woocommerce-product-attributes-item__label\">Culoare folie PE<\/th>\n<td class=\"woocommerce-product-attributes-item__value\">Negru<\/td>\n<\/tr>\n<\/tbody>\n<\/table>\n<h4>Pentru a comanda o folie constructie, luati legatura cu noi, fie prin formular, fie telefonic, iar colegii nostri va vor comunica ce role\u00a0 si la ce kg avem disponibile, cat si un pret pentru role.<\/h4>\n<p>[vc_row][vc_column][woodmart_popup color=\"primary\" style=\"3d\" shape=\"semi-round\" id=\"cerere_oferta\" width=\"800\" woodmart_css_id=\"627a30f2744f7\" title=\"Solicita oferta de pret \" full_width=\"no\" button_inline=\"no\" button_smooth_scroll=\"no\"][vc_column_text woodmart_inline=&#8221;no&#8221; text_larger=&#8221;no&#8221;][wpforms id=\"111627077\"][\/vc_column_text][\/woodmart_popup][\/vc_column][\/vc_row]<\/p>\n","protected":false},"featured_media":1000000111627075,"comment_status":"open","ping_status":"closed","template":"","meta":[],"product_brand":[],"product_cat":[180,166],"product_tag":[587,588],"class_list":{"0":"post-111627608","1":"product","2":"type-product","3":"status-publish","4":"has-post-thumbnail","6":"product_cat-folie-polietilena","7":"product_cat-polietilena","8":"product_tag-folie-polietiena","9":"product_tag-polietilena","11":"first","12":"instock","13":"taxable","14":"shipping-taxable","15":"product-type-simple"},"tiered_pricing_type":"fixed","tiered_pricing_fixed_rules":[],"tiered_pricing_percentage_rules":[],"tiered_pricing_minimum":1,"_administrator_tiered_pricing_type":"fixed","_administrator_tiered_pricing_fixed_rules":[],"_editor_tiered_pricing_type":"fixed","_editor_tiered_pricing_fixed_rules":[],"_author_tiered_pricing_type":"fixed","_author_tiered_pricing_fixed_rules":[],"_contributor_tiered_pricing_type":"fixed","_contributor_tiered_pricing_fixed_rules":[],"_subscriber_tiered_pricing_type":"fixed","_subscriber_tiered_pricing_fixed_rules":[],"_customer_tiered_pricing_type":"fixed","_customer_tiered_pricing_fixed_rules":[],"_shop_manager_tiered_pricing_type":"fixed","_shop_manager_tiered_pricing_fixed_rules":[],"_vendor_staff_tiered_pricing_type":"fixed","_vendor_staff_tiered_pricing_fixed_rules":[],"_seller_tiered_pricing_type":"fixed","_seller_tiered_pricing_fixed_rules":[],"_translator_tiered_pricing_type":"fixed","_translator_tiered_pricing_fixed_rules":[],"_pending_user_tiered_pricing_type":"fixed","_pending_user_tiered_pricing_fixed_rules":[],"_suspended_tiered_pricing_type":"fixed","_suspended_tiered_pricing_fixed_rules":[],"_gold_tiered_pricing_type":"fixed","_gold_tiered_pricing_fixed_rules":[],"_fue_manager_tiered_pricing_type":"fixed","_fue_manager_tiered_pricing_fixed_rules":[],"_wpseo_manager_tiered_pricing_type":"fixed","_wpseo_manager_tiered_pricing_fixed_rules":[],"_wpseo_editor_tiered_pricing_type":"fixed","_wpseo_editor_tiered_pricing_fixed_rules":[],"yoast_head":"<!-- This site is optimized with the Yoast SEO plugin v26.4 - https:\/\/yoast.com\/wordpress\/plugins\/seo\/ -->\n<title>Folie pentru constructii 4.2 m,120 microni. Folie constructie<\/title>\n<meta name=\"description\" content=\"Folie pentru constructii 4.2 m,120 microni. Folia are intre 45 - 65 de kg si pentru 1 kg de folie sunt aproximativ 2 ml lungime, cu o latime de 4,2 m.\" \/>\n<meta name=\"robots\" content=\"index, follow, max-snippet:-1, max-image-preview:large, max-video-preview:-1\" \/>\n<link rel=\"canonical\" href=\"https:\/\/axtrom.ro\/shop\/produs\/folie-pentru-constructii-4-2-m-120-microni\/\" \/>\n<meta property=\"og:locale\" content=\"ro_RO\" \/>\n<meta property=\"og:type\" content=\"article\" \/>\n<meta property=\"og:title\" content=\"Folie pentru constructii 4.2 m,120 microni. Folie constructie\" \/>\n<meta property=\"og:description\" content=\"Folie pentru constructii 4.2 m,120 microni. Folia are intre 45 - 65 de kg si pentru 1 kg de folie sunt aproximativ 2 ml lungime, cu o latime de 4,2 m.\" \/>\n<meta property=\"og:url\" content=\"https:\/\/axtrom.ro\/shop\/produs\/folie-pentru-constructii-4-2-m-120-microni\/\" \/>\n<meta property=\"og:site_name\" content=\"Magazin online cu produse de packaging.\" \/>\n<meta property=\"article:modified_time\" content=\"2025-07-31T06:45:26+00:00\" \/>\n<meta property=\"og:image\" content=\"https:\/\/axtrom.ro\/shop\/wp-content\/uploads\/2023\/05\/Logo-Axtrom.jpg\" \/>\n\t<meta property=\"og:image:width\" content=\"220\" \/>\n\t<meta property=\"og:image:height\" content=\"71\" \/>\n\t<meta property=\"og:image:type\" content=\"image\/jpeg\" \/>\n<meta name=\"twitter:card\" content=\"summary_large_image\" \/>\n<meta name=\"twitter:label1\" content=\"Timp estimat pentru citire\" \/>\n\t<meta name=\"twitter:data1\" content=\"1 minut\" \/>\n<script type=\"application\/ld+json\" class=\"yoast-schema-graph\">{\"@context\":\"https:\/\/schema.org\",\"@graph\":[{\"@type\":\"WebPage\",\"@id\":\"https:\/\/axtrom.ro\/shop\/produs\/folie-pentru-constructii-4-2-m-120-microni\/\",\"url\":\"https:\/\/axtrom.ro\/shop\/produs\/folie-pentru-constructii-4-2-m-120-microni\/\",\"name\":\"Folie pentru constructii 4.2 m,120 microni. Folie constructie\",\"isPartOf\":{\"@id\":\"https:\/\/axtrom.ro\/shop\/#website\"},\"primaryImageOfPage\":{\"@id\":\"https:\/\/axtrom.ro\/shop\/produs\/folie-pentru-constructii-4-2-m-120-microni\/#primaryimage\"},\"image\":{\"@id\":\"https:\/\/axtrom.ro\/shop\/produs\/folie-pentru-constructii-4-2-m-120-microni\/#primaryimage\"},\"thumbnailUrl\":\"https:\/\/rgi.ro\/wp-content\/uploads\/2023\/10\/folie-constructie-neagra.jpg\",\"datePublished\":\"2023-10-24T10:09:51+00:00\",\"dateModified\":\"2025-07-31T06:45:26+00:00\",\"description\":\"Folie pentru constructii 4.2 m,120 microni. Folia are intre 45 - 65 de kg si pentru 1 kg de folie sunt aproximativ 2 ml lungime, cu o latime de 4,2 m.\",\"breadcrumb\":{\"@id\":\"https:\/\/axtrom.ro\/shop\/produs\/folie-pentru-constructii-4-2-m-120-microni\/#breadcrumb\"},\"inLanguage\":\"ro-RO\",\"potentialAction\":[{\"@type\":\"ReadAction\",\"target\":[\"https:\/\/axtrom.ro\/shop\/produs\/folie-pentru-constructii-4-2-m-120-microni\/\"]}]},{\"@type\":\"ImageObject\",\"inLanguage\":\"ro-RO\",\"@id\":\"https:\/\/axtrom.ro\/shop\/produs\/folie-pentru-constructii-4-2-m-120-microni\/#primaryimage\",\"url\":\"https:\/\/rgi.ro\/wp-content\/uploads\/2023\/10\/folie-constructie-neagra.jpg\",\"contentUrl\":\"https:\/\/rgi.ro\/wp-content\/uploads\/2023\/10\/folie-constructie-neagra.jpg\"},{\"@type\":\"BreadcrumbList\",\"@id\":\"https:\/\/axtrom.ro\/shop\/produs\/folie-pentru-constructii-4-2-m-120-microni\/#breadcrumb\",\"itemListElement\":[{\"@type\":\"ListItem\",\"position\":1,\"name\":\"Magazin\",\"item\":\"https:\/\/axtrom.ro\/shop\/magazin\/\"},{\"@type\":\"ListItem\",\"position\":2,\"name\":\"Folie pentru constructii 4.2 m 120 microni\"}]},{\"@type\":\"WebSite\",\"@id\":\"https:\/\/axtrom.ro\/shop\/#website\",\"url\":\"https:\/\/axtrom.ro\/shop\/\",\"name\":\"Magazin online cu produse de packaging.\",\"description\":\"Cutii carton, banda adeziva, folie cu bule, folie stretch, polietilena si polietilena expandata.\",\"publisher\":{\"@id\":\"https:\/\/axtrom.ro\/shop\/#organization\"},\"potentialAction\":[{\"@type\":\"SearchAction\",\"target\":{\"@type\":\"EntryPoint\",\"urlTemplate\":\"https:\/\/axtrom.ro\/shop\/?s={search_term_string}\"},\"query-input\":{\"@type\":\"PropertyValueSpecification\",\"valueRequired\":true,\"valueName\":\"search_term_string\"}}],\"inLanguage\":\"ro-RO\"},{\"@type\":\"Organization\",\"@id\":\"https:\/\/axtrom.ro\/shop\/#organization\",\"name\":\"Axtrom |srl\",\"alternateName\":\"Complete packaging solutions\",\"url\":\"https:\/\/axtrom.ro\/shop\/\",\"logo\":{\"@type\":\"ImageObject\",\"inLanguage\":\"ro-RO\",\"@id\":\"https:\/\/axtrom.ro\/shop\/#\/schema\/logo\/image\/\",\"url\":\"https:\/\/axtrom.ro\/shop\/wp-content\/uploads\/2023\/05\/Logo-Axtrom.jpg\",\"contentUrl\":\"https:\/\/axtrom.ro\/shop\/wp-content\/uploads\/2023\/05\/Logo-Axtrom.jpg\",\"width\":220,\"height\":71,\"caption\":\"Axtrom |srl\"},\"image\":{\"@id\":\"https:\/\/axtrom.ro\/shop\/#\/schema\/logo\/image\/\"}}]}<\/script>\n<!-- \/ Yoast SEO plugin. -->","yoast_head_json":{"title":"Folie pentru constructii 4.2 m,120 microni. Folie constructie","description":"Folie pentru constructii 4.2 m,120 microni. Folia are intre 45 - 65 de kg si pentru 1 kg de folie sunt aproximativ 2 ml lungime, cu o latime de 4,2 m.","robots":{"index":"index","follow":"follow","max-snippet":"max-snippet:-1","max-image-preview":"max-image-preview:large","max-video-preview":"max-video-preview:-1"},"canonical":"https:\/\/axtrom.ro\/shop\/produs\/folie-pentru-constructii-4-2-m-120-microni\/","og_locale":"ro_RO","og_type":"article","og_title":"Folie pentru constructii 4.2 m,120 microni. Folie constructie","og_description":"Folie pentru constructii 4.2 m,120 microni. Folia are intre 45 - 65 de kg si pentru 1 kg de folie sunt aproximativ 2 ml lungime, cu o latime de 4,2 m.","og_url":"https:\/\/axtrom.ro\/shop\/produs\/folie-pentru-constructii-4-2-m-120-microni\/","og_site_name":"Magazin online cu produse de packaging.","article_modified_time":"2025-07-31T06:45:26+00:00","og_image":[{"width":220,"height":71,"url":"https:\/\/axtrom.ro\/shop\/wp-content\/uploads\/2023\/05\/Logo-Axtrom.jpg","type":"image\/jpeg"}],"twitter_card":"summary_large_image","twitter_misc":{"Timp estimat pentru citire":"1 minut"},"schema":{"@context":"https:\/\/schema.org","@graph":[{"@type":"WebPage","@id":"https:\/\/axtrom.ro\/shop\/produs\/folie-pentru-constructii-4-2-m-120-microni\/","url":"https:\/\/axtrom.ro\/shop\/produs\/folie-pentru-constructii-4-2-m-120-microni\/","name":"Folie pentru constructii 4.2 m,120 microni. Folie constructie","isPartOf":{"@id":"https:\/\/axtrom.ro\/shop\/#website"},"primaryImageOfPage":{"@id":"https:\/\/axtrom.ro\/shop\/produs\/folie-pentru-constructii-4-2-m-120-microni\/#primaryimage"},"image":{"@id":"https:\/\/axtrom.ro\/shop\/produs\/folie-pentru-constructii-4-2-m-120-microni\/#primaryimage"},"thumbnailUrl":"https:\/\/rgi.ro\/wp-content\/uploads\/2023\/10\/folie-constructie-neagra.jpg","datePublished":"2023-10-24T10:09:51+00:00","dateModified":"2025-07-31T06:45:26+00:00","description":"Folie pentru constructii 4.2 m,120 microni. Folia are intre 45 - 65 de kg si pentru 1 kg de folie sunt aproximativ 2 ml lungime, cu o latime de 4,2 m.","breadcrumb":{"@id":"https:\/\/axtrom.ro\/shop\/produs\/folie-pentru-constructii-4-2-m-120-microni\/#breadcrumb"},"inLanguage":"ro-RO","potentialAction":[{"@type":"ReadAction","target":["https:\/\/axtrom.ro\/shop\/produs\/folie-pentru-constructii-4-2-m-120-microni\/"]}]},{"@type":"ImageObject","inLanguage":"ro-RO","@id":"https:\/\/axtrom.ro\/shop\/produs\/folie-pentru-constructii-4-2-m-120-microni\/#primaryimage","url":"https:\/\/rgi.ro\/wp-content\/uploads\/2023\/10\/folie-constructie-neagra.jpg","contentUrl":"https:\/\/rgi.ro\/wp-content\/uploads\/2023\/10\/folie-constructie-neagra.jpg"},{"@type":"BreadcrumbList","@id":"https:\/\/axtrom.ro\/shop\/produs\/folie-pentru-constructii-4-2-m-120-microni\/#breadcrumb","itemListElement":[{"@type":"ListItem","position":1,"name":"Magazin","item":"https:\/\/axtrom.ro\/shop\/magazin\/"},{"@type":"ListItem","position":2,"name":"Folie pentru constructii 4.2 m 120 microni"}]},{"@type":"WebSite","@id":"https:\/\/axtrom.ro\/shop\/#website","url":"https:\/\/axtrom.ro\/shop\/","name":"Magazin online cu produse de packaging.","description":"Cutii carton, banda adeziva, folie cu bule, folie stretch, polietilena si polietilena expandata.","publisher":{"@id":"https:\/\/axtrom.ro\/shop\/#organization"},"potentialAction":[{"@type":"SearchAction","target":{"@type":"EntryPoint","urlTemplate":"https:\/\/axtrom.ro\/shop\/?s={search_term_string}"},"query-input":{"@type":"PropertyValueSpecification","valueRequired":true,"valueName":"search_term_string"}}],"inLanguage":"ro-RO"},{"@type":"Organization","@id":"https:\/\/axtrom.ro\/shop\/#organization","name":"Axtrom |srl","alternateName":"Complete packaging solutions","url":"https:\/\/axtrom.ro\/shop\/","logo":{"@type":"ImageObject","inLanguage":"ro-RO","@id":"https:\/\/axtrom.ro\/shop\/#\/schema\/logo\/image\/","url":"https:\/\/axtrom.ro\/shop\/wp-content\/uploads\/2023\/05\/Logo-Axtrom.jpg","contentUrl":"https:\/\/axtrom.ro\/shop\/wp-content\/uploads\/2023\/05\/Logo-Axtrom.jpg","width":220,"height":71,"caption":"Axtrom |srl"},"image":{"@id":"https:\/\/axtrom.ro\/shop\/#\/schema\/logo\/image\/"}}]}},"_links":{"self":[{"href":"https:\/\/axtrom.ro\/shop\/wp-json\/wp\/v2\/product\/111627608","targetHints":{"allow":["GET"]}}],"collection":[{"href":"https:\/\/axtrom.ro\/shop\/wp-json\/wp\/v2\/product"}],"about":[{"href":"https:\/\/axtrom.ro\/shop\/wp-json\/wp\/v2\/types\/product"}],"replies":[{"embeddable":true,"href":"https:\/\/axtrom.ro\/shop\/wp-json\/wp\/v2\/comments?post=111627608"}],"wp:featuredmedia":[{"embeddable":true,"href":"https:\/\/axtrom.ro\/shop\/wp-json\/"}],"wp:attachment":[{"href":"https:\/\/axtrom.ro\/shop\/wp-json\/wp\/v2\/media?parent=111627608"}],"wp:term":[{"taxonomy":"product_brand","embeddable":true,"href":"https:\/\/axtrom.ro\/shop\/wp-json\/wp\/v2\/product_brand?post=111627608"},{"taxonomy":"product_cat","embeddable":true,"href":"https:\/\/axtrom.ro\/shop\/wp-json\/wp\/v2\/product_cat?post=111627608"},{"taxonomy":"product_tag","embeddable":true,"href":"https:\/\/axtrom.ro\/shop\/wp-json\/wp\/v2\/product_tag?post=111627608"}],"curies":[{"name":"wp","href":"https:\/\/api.w.org\/{rel}","templated":true}]}}