{"id":111627574,"date":"2024-06-14T07:37:39","date_gmt":"2024-06-14T05:37:39","guid":{"rendered":"https:\/\/axtrom.ro\/shop\/produs\/fulgi-de-umplere-biodegradabili-din-amidon-roz-2\/"},"modified":"2026-03-02T13:11:00","modified_gmt":"2026-03-02T11:11:00","slug":"fulgi-de-umplere-biodegradabili-din-amidon-roz","status":"publish","type":"product","link":"https:\/\/axtrom.ro\/shop\/produs\/fulgi-de-umplere-biodegradabili-din-amidon-roz\/","title":{"rendered":"Fulgi de umplere biodegradabili (din amidon) &#8211; Roz"},"content":{"rendered":"<div class=\"wpb-content-wrapper\"><p>[vc_row][vc_column][vc_column_text css=&#8221;&#8221; woodmart_inline=&#8221;no&#8221; text_larger=&#8221;no&#8221;]Fulgi de umplere biodegradabili sunt o solu\u021bie natural\u0103 de umplere, folositi in industria de packaging, oferind protectie pentru produsele ambalate. Produsi din amidon de porumb sau cartofi, fulgii de umplere sunt 100% biodegradabili, culoarea fiind data de coloranti alimentari.<\/p>\n<p>Fulgii de umplere vin ambalati in saci transparenti cu volum de 500 de litri, iar ca varianta de culoare dispunem de culorile: verde, roz, mov si albastru.<\/p>\n<h3>Avantaje:<\/h3>\n<p>\u2022 structur\u0103 u\u0219oar\u0103 \u0219i rezistent\u0103 (cca. 9 g\/litru)<br \/>\n\u2022 \u00eenc\u0103rcare electrostatic\u0103 redus\u0103<br \/>\n\u2022 nu \u00ee\u0219i\u00a0 mic\u0219oreaz\u0103 volumul nici pe parcursul transportului aerian<br \/>\n\u2022 un produs nepoluant<br \/>\n\u2022 natural 100% biodegradabil<br \/>\n\u2022 se poate elimina foarte simplu prin compostare sau prin diluare \u00een ap\u0103[\/vc_column_text][\/vc_column][\/vc_row]<\/p>\n<\/div>","protected":false},"excerpt":{"rendered":"<p>[vc_row][vc_column][vc_column_text css=&#8221;&#8221; woodmart_inline=&#8221;no&#8221; text_larger=&#8221;no&#8221;]Fulgi de umplere biodegradabili sunt o solu\u021bie natural\u0103 de umplere, folositi in industria de packaging, oferind protectie<\/p>\n","protected":false},"featured_media":1000000111627753,"comment_status":"open","ping_status":"closed","template":"","meta":[],"product_brand":[],"product_cat":[618],"product_tag":[815,816,817,818,819,820,821,822],"class_list":{"0":"post-111627574","1":"product","2":"type-product","3":"status-publish","4":"has-post-thumbnail","6":"product_cat-accesorii","7":"product_tag-fulgi-albastri","8":"product_tag-fulgi-amidon","9":"product_tag-fulgi-de-umplere-biodegradabili","10":"product_tag-fulgi-mov","11":"product_tag-fulgi-roz","12":"product_tag-fulgi-verzi","13":"product_tag-pufuleti-bio","14":"product_tag-pufuleti-umplere","15":"product_shipping_class-fulgi-de-umplere","17":"first","18":"instock","19":"taxable","20":"shipping-taxable","21":"purchasable","22":"product-type-simple"},"tiered_pricing_type":"fixed","tiered_pricing_fixed_rules":[],"tiered_pricing_percentage_rules":[],"tiered_pricing_minimum":1,"_administrator_tiered_pricing_type":"fixed","_administrator_tiered_pricing_fixed_rules":[],"_editor_tiered_pricing_type":"fixed","_editor_tiered_pricing_fixed_rules":[],"_author_tiered_pricing_type":"fixed","_author_tiered_pricing_fixed_rules":[],"_contributor_tiered_pricing_type":"fixed","_contributor_tiered_pricing_fixed_rules":[],"_subscriber_tiered_pricing_type":"fixed","_subscriber_tiered_pricing_fixed_rules":[],"_customer_tiered_pricing_type":"fixed","_customer_tiered_pricing_fixed_rules":[],"_shop_manager_tiered_pricing_type":"fixed","_shop_manager_tiered_pricing_fixed_rules":[],"_vendor_staff_tiered_pricing_type":"fixed","_vendor_staff_tiered_pricing_fixed_rules":[],"_seller_tiered_pricing_type":"fixed","_seller_tiered_pricing_fixed_rules":[],"_translator_tiered_pricing_type":"fixed","_translator_tiered_pricing_fixed_rules":[],"_pending_user_tiered_pricing_type":"fixed","_pending_user_tiered_pricing_fixed_rules":[],"_suspended_tiered_pricing_type":"fixed","_suspended_tiered_pricing_fixed_rules":[],"_gold_tiered_pricing_type":"fixed","_gold_tiered_pricing_fixed_rules":[],"_fue_manager_tiered_pricing_type":"fixed","_fue_manager_tiered_pricing_fixed_rules":[],"_wpseo_manager_tiered_pricing_type":"fixed","_wpseo_manager_tiered_pricing_fixed_rules":[],"_wpseo_editor_tiered_pricing_type":"fixed","_wpseo_editor_tiered_pricing_fixed_rules":[],"yoast_head":"<!-- This site is optimized with the Yoast SEO plugin v26.4 - https:\/\/yoast.com\/wordpress\/plugins\/seo\/ -->\n<title>Fulgi de umplere biodegradabili (din amidon) - Roz<\/title>\n<meta name=\"description\" content=\"Fulgi de umplere biodegradabili (din amidon) - Roz la sac de 500 litri. Solutie bio pentru protectia produselor in cutii de carton.\" \/>\n<meta name=\"robots\" content=\"index, follow, max-snippet:-1, max-image-preview:large, max-video-preview:-1\" \/>\n<link rel=\"canonical\" href=\"https:\/\/axtrom.ro\/shop\/produs\/fulgi-de-umplere-biodegradabili-din-amidon-roz\/\" \/>\n<meta property=\"og:locale\" content=\"ro_RO\" \/>\n<meta property=\"og:type\" content=\"article\" \/>\n<meta property=\"og:title\" content=\"Fulgi de umplere biodegradabili (din amidon) - Roz\" \/>\n<meta property=\"og:description\" content=\"Fulgi de umplere biodegradabili (din amidon) - Roz la sac de 500 litri. Solutie bio pentru protectia produselor in cutii de carton.\" \/>\n<meta property=\"og:url\" content=\"https:\/\/axtrom.ro\/shop\/produs\/fulgi-de-umplere-biodegradabili-din-amidon-roz\/\" \/>\n<meta property=\"og:site_name\" content=\"Magazin online cu produse de packaging.\" \/>\n<meta property=\"article:modified_time\" content=\"2026-03-02T11:11:00+00:00\" \/>\n<meta property=\"og:image\" content=\"https:\/\/axtrom.ro\/shop\/wp-content\/uploads\/2023\/05\/Logo-Axtrom.jpg\" \/>\n\t<meta property=\"og:image:width\" content=\"220\" \/>\n\t<meta property=\"og:image:height\" content=\"71\" \/>\n\t<meta property=\"og:image:type\" content=\"image\/jpeg\" \/>\n<meta name=\"twitter:card\" content=\"summary_large_image\" \/>\n<meta name=\"twitter:label1\" content=\"Timp estimat pentru citire\" \/>\n\t<meta name=\"twitter:data1\" content=\"1 minut\" \/>\n<script type=\"application\/ld+json\" class=\"yoast-schema-graph\">{\"@context\":\"https:\/\/schema.org\",\"@graph\":[{\"@type\":\"WebPage\",\"@id\":\"https:\/\/axtrom.ro\/shop\/produs\/fulgi-de-umplere-biodegradabili-din-amidon-roz\/\",\"url\":\"https:\/\/axtrom.ro\/shop\/produs\/fulgi-de-umplere-biodegradabili-din-amidon-roz\/\",\"name\":\"Fulgi de umplere biodegradabili (din amidon) - Roz\",\"isPartOf\":{\"@id\":\"https:\/\/axtrom.ro\/shop\/#website\"},\"primaryImageOfPage\":{\"@id\":\"https:\/\/axtrom.ro\/shop\/produs\/fulgi-de-umplere-biodegradabili-din-amidon-roz\/#primaryimage\"},\"image\":{\"@id\":\"https:\/\/axtrom.ro\/shop\/produs\/fulgi-de-umplere-biodegradabili-din-amidon-roz\/#primaryimage\"},\"thumbnailUrl\":\"https:\/\/rgi.ro\/wp-content\/uploads\/2024\/06\/Fulgi-de-umplere-biodebradabili-din-amidon-Roz-grup.jpg\",\"datePublished\":\"2024-06-14T05:37:39+00:00\",\"dateModified\":\"2026-03-02T11:11:00+00:00\",\"description\":\"Fulgi de umplere biodegradabili (din amidon) - Roz la sac de 500 litri. Solutie bio pentru protectia produselor in cutii de carton.\",\"breadcrumb\":{\"@id\":\"https:\/\/axtrom.ro\/shop\/produs\/fulgi-de-umplere-biodegradabili-din-amidon-roz\/#breadcrumb\"},\"inLanguage\":\"ro-RO\",\"potentialAction\":[{\"@type\":\"ReadAction\",\"target\":[\"https:\/\/axtrom.ro\/shop\/produs\/fulgi-de-umplere-biodegradabili-din-amidon-roz\/\"]}]},{\"@type\":\"ImageObject\",\"inLanguage\":\"ro-RO\",\"@id\":\"https:\/\/axtrom.ro\/shop\/produs\/fulgi-de-umplere-biodegradabili-din-amidon-roz\/#primaryimage\",\"url\":\"https:\/\/rgi.ro\/wp-content\/uploads\/2024\/06\/Fulgi-de-umplere-biodebradabili-din-amidon-Roz-grup.jpg\",\"contentUrl\":\"https:\/\/rgi.ro\/wp-content\/uploads\/2024\/06\/Fulgi-de-umplere-biodebradabili-din-amidon-Roz-grup.jpg\"},{\"@type\":\"BreadcrumbList\",\"@id\":\"https:\/\/axtrom.ro\/shop\/produs\/fulgi-de-umplere-biodegradabili-din-amidon-roz\/#breadcrumb\",\"itemListElement\":[{\"@type\":\"ListItem\",\"position\":1,\"name\":\"Magazin\",\"item\":\"https:\/\/axtrom.ro\/shop\/magazin\/\"},{\"@type\":\"ListItem\",\"position\":2,\"name\":\"Fulgi de umplere biodegradabili (din amidon) &#8211; Roz\"}]},{\"@type\":\"WebSite\",\"@id\":\"https:\/\/axtrom.ro\/shop\/#website\",\"url\":\"https:\/\/axtrom.ro\/shop\/\",\"name\":\"Magazin online cu produse de packaging.\",\"description\":\"Cutii carton, banda adeziva, folie cu bule, folie stretch, polietilena si polietilena expandata.\",\"publisher\":{\"@id\":\"https:\/\/axtrom.ro\/shop\/#organization\"},\"potentialAction\":[{\"@type\":\"SearchAction\",\"target\":{\"@type\":\"EntryPoint\",\"urlTemplate\":\"https:\/\/axtrom.ro\/shop\/?s={search_term_string}\"},\"query-input\":{\"@type\":\"PropertyValueSpecification\",\"valueRequired\":true,\"valueName\":\"search_term_string\"}}],\"inLanguage\":\"ro-RO\"},{\"@type\":\"Organization\",\"@id\":\"https:\/\/axtrom.ro\/shop\/#organization\",\"name\":\"Axtrom |srl\",\"alternateName\":\"Complete packaging solutions\",\"url\":\"https:\/\/axtrom.ro\/shop\/\",\"logo\":{\"@type\":\"ImageObject\",\"inLanguage\":\"ro-RO\",\"@id\":\"https:\/\/axtrom.ro\/shop\/#\/schema\/logo\/image\/\",\"url\":\"https:\/\/axtrom.ro\/shop\/wp-content\/uploads\/2023\/05\/Logo-Axtrom.jpg\",\"contentUrl\":\"https:\/\/axtrom.ro\/shop\/wp-content\/uploads\/2023\/05\/Logo-Axtrom.jpg\",\"width\":220,\"height\":71,\"caption\":\"Axtrom |srl\"},\"image\":{\"@id\":\"https:\/\/axtrom.ro\/shop\/#\/schema\/logo\/image\/\"}}]}<\/script>\n<!-- \/ Yoast SEO plugin. -->","yoast_head_json":{"title":"Fulgi de umplere biodegradabili (din amidon) - Roz","description":"Fulgi de umplere biodegradabili (din amidon) - Roz la sac de 500 litri. Solutie bio pentru protectia produselor in cutii de carton.","robots":{"index":"index","follow":"follow","max-snippet":"max-snippet:-1","max-image-preview":"max-image-preview:large","max-video-preview":"max-video-preview:-1"},"canonical":"https:\/\/axtrom.ro\/shop\/produs\/fulgi-de-umplere-biodegradabili-din-amidon-roz\/","og_locale":"ro_RO","og_type":"article","og_title":"Fulgi de umplere biodegradabili (din amidon) - Roz","og_description":"Fulgi de umplere biodegradabili (din amidon) - Roz la sac de 500 litri. Solutie bio pentru protectia produselor in cutii de carton.","og_url":"https:\/\/axtrom.ro\/shop\/produs\/fulgi-de-umplere-biodegradabili-din-amidon-roz\/","og_site_name":"Magazin online cu produse de packaging.","article_modified_time":"2026-03-02T11:11:00+00:00","og_image":[{"width":220,"height":71,"url":"https:\/\/axtrom.ro\/shop\/wp-content\/uploads\/2023\/05\/Logo-Axtrom.jpg","type":"image\/jpeg"}],"twitter_card":"summary_large_image","twitter_misc":{"Timp estimat pentru citire":"1 minut"},"schema":{"@context":"https:\/\/schema.org","@graph":[{"@type":"WebPage","@id":"https:\/\/axtrom.ro\/shop\/produs\/fulgi-de-umplere-biodegradabili-din-amidon-roz\/","url":"https:\/\/axtrom.ro\/shop\/produs\/fulgi-de-umplere-biodegradabili-din-amidon-roz\/","name":"Fulgi de umplere biodegradabili (din amidon) - Roz","isPartOf":{"@id":"https:\/\/axtrom.ro\/shop\/#website"},"primaryImageOfPage":{"@id":"https:\/\/axtrom.ro\/shop\/produs\/fulgi-de-umplere-biodegradabili-din-amidon-roz\/#primaryimage"},"image":{"@id":"https:\/\/axtrom.ro\/shop\/produs\/fulgi-de-umplere-biodegradabili-din-amidon-roz\/#primaryimage"},"thumbnailUrl":"https:\/\/rgi.ro\/wp-content\/uploads\/2024\/06\/Fulgi-de-umplere-biodebradabili-din-amidon-Roz-grup.jpg","datePublished":"2024-06-14T05:37:39+00:00","dateModified":"2026-03-02T11:11:00+00:00","description":"Fulgi de umplere biodegradabili (din amidon) - Roz la sac de 500 litri. Solutie bio pentru protectia produselor in cutii de carton.","breadcrumb":{"@id":"https:\/\/axtrom.ro\/shop\/produs\/fulgi-de-umplere-biodegradabili-din-amidon-roz\/#breadcrumb"},"inLanguage":"ro-RO","potentialAction":[{"@type":"ReadAction","target":["https:\/\/axtrom.ro\/shop\/produs\/fulgi-de-umplere-biodegradabili-din-amidon-roz\/"]}]},{"@type":"ImageObject","inLanguage":"ro-RO","@id":"https:\/\/axtrom.ro\/shop\/produs\/fulgi-de-umplere-biodegradabili-din-amidon-roz\/#primaryimage","url":"https:\/\/rgi.ro\/wp-content\/uploads\/2024\/06\/Fulgi-de-umplere-biodebradabili-din-amidon-Roz-grup.jpg","contentUrl":"https:\/\/rgi.ro\/wp-content\/uploads\/2024\/06\/Fulgi-de-umplere-biodebradabili-din-amidon-Roz-grup.jpg"},{"@type":"BreadcrumbList","@id":"https:\/\/axtrom.ro\/shop\/produs\/fulgi-de-umplere-biodegradabili-din-amidon-roz\/#breadcrumb","itemListElement":[{"@type":"ListItem","position":1,"name":"Magazin","item":"https:\/\/axtrom.ro\/shop\/magazin\/"},{"@type":"ListItem","position":2,"name":"Fulgi de umplere biodegradabili (din amidon) &#8211; Roz"}]},{"@type":"WebSite","@id":"https:\/\/axtrom.ro\/shop\/#website","url":"https:\/\/axtrom.ro\/shop\/","name":"Magazin online cu produse de packaging.","description":"Cutii carton, banda adeziva, folie cu bule, folie stretch, polietilena si polietilena expandata.","publisher":{"@id":"https:\/\/axtrom.ro\/shop\/#organization"},"potentialAction":[{"@type":"SearchAction","target":{"@type":"EntryPoint","urlTemplate":"https:\/\/axtrom.ro\/shop\/?s={search_term_string}"},"query-input":{"@type":"PropertyValueSpecification","valueRequired":true,"valueName":"search_term_string"}}],"inLanguage":"ro-RO"},{"@type":"Organization","@id":"https:\/\/axtrom.ro\/shop\/#organization","name":"Axtrom |srl","alternateName":"Complete packaging solutions","url":"https:\/\/axtrom.ro\/shop\/","logo":{"@type":"ImageObject","inLanguage":"ro-RO","@id":"https:\/\/axtrom.ro\/shop\/#\/schema\/logo\/image\/","url":"https:\/\/axtrom.ro\/shop\/wp-content\/uploads\/2023\/05\/Logo-Axtrom.jpg","contentUrl":"https:\/\/axtrom.ro\/shop\/wp-content\/uploads\/2023\/05\/Logo-Axtrom.jpg","width":220,"height":71,"caption":"Axtrom |srl"},"image":{"@id":"https:\/\/axtrom.ro\/shop\/#\/schema\/logo\/image\/"}}]}},"_links":{"self":[{"href":"https:\/\/axtrom.ro\/shop\/wp-json\/wp\/v2\/product\/111627574","targetHints":{"allow":["GET"]}}],"collection":[{"href":"https:\/\/axtrom.ro\/shop\/wp-json\/wp\/v2\/product"}],"about":[{"href":"https:\/\/axtrom.ro\/shop\/wp-json\/wp\/v2\/types\/product"}],"replies":[{"embeddable":true,"href":"https:\/\/axtrom.ro\/shop\/wp-json\/wp\/v2\/comments?post=111627574"}],"wp:featuredmedia":[{"embeddable":true,"href":"https:\/\/axtrom.ro\/shop\/wp-json\/"}],"wp:attachment":[{"href":"https:\/\/axtrom.ro\/shop\/wp-json\/wp\/v2\/media?parent=111627574"}],"wp:term":[{"taxonomy":"product_brand","embeddable":true,"href":"https:\/\/axtrom.ro\/shop\/wp-json\/wp\/v2\/product_brand?post=111627574"},{"taxonomy":"product_cat","embeddable":true,"href":"https:\/\/axtrom.ro\/shop\/wp-json\/wp\/v2\/product_cat?post=111627574"},{"taxonomy":"product_tag","embeddable":true,"href":"https:\/\/axtrom.ro\/shop\/wp-json\/wp\/v2\/product_tag?post=111627574"}],"curies":[{"name":"wp","href":"https:\/\/api.w.org\/{rel}","templated":true}]}}