{"id":111627193,"date":"2024-03-12T13:14:11","date_gmt":"2024-03-12T11:14:11","guid":{"rendered":"https:\/\/axtrom.ro\/shop\/produs\/banda-de-legat-pet-12x0-55-3000-ml\/"},"modified":"2025-07-31T08:43:38","modified_gmt":"2025-07-31T06:43:38","slug":"banda-de-legat-pet-12x0-55-3000-ml","status":"publish","type":"product","link":"https:\/\/axtrom.ro\/shop\/produs\/banda-de-legat-pet-12x0-55-3000-ml\/","title":{"rendered":"Banda de legat PET 12&#215;0.55 3000 ml (verde)"},"content":{"rendered":"<div class=\"wpb-content-wrapper\"><p>[vc_row][vc_column][vc_column_text woodmart_inline=&#8221;no&#8221; text_larger=&#8221;no&#8221;]<\/p>\n<h2><strong>Banda de legat PET 12&#215;0.55 3000 ml (verde)<br \/>\n<\/strong><\/h2>\n<p>Este un produs destinat ambal\u0103rii finale, pentru \u00eenlocuirea benzii metalice \u0219i din PP ale c\u0103ror aplicabilit\u0103\u021bi sunt substituite cu succes. Are o rezisten\u021b\u0103 mare la condi\u021biile deosebite (nu rugine\u0219te \u0219i are rezisten\u021b\u0103 UV). Specificul acestei benzi este aplicabilitatea la produse \u0219i m\u0103rfuri cu grad \u00eenalt de solicitare unde sunt necesare at\u00e2t rezisten\u021ba c\u00e2t \u0219i flexibilitatea.<\/p>\n<p>Tipuri de banda pet comercializate:<\/p>\n<ul>\n<li>Banda PET 12&#215;0.55 3000ml verde<\/li>\n<li>Banda PET 15.5&#215;0.55 1750ml verde<\/li>\n<li>Banda PET 15.5&#215;0.6 verde<\/li>\n<li>Banda PET 15.5&#215;0.9 verde<\/li>\n<\/ul>\n<p>Pentru benizile PET pe ambalaje-oradea.ro gasiti si accesorii pentru fixare: bucle metalice pentru banda PET, cleme si capse.<\/p>\n<p>In functie de produsele paletizare folosind banda PET, trebuie folosite accesoriile de prindere\/fixare. Astfel pentru produsele cu greutate mare, care trebuiesc asigurate corect pnentru trasport si depozitare, sunt indicate buclele. Pentru marfuri mai usore se pot folosii capsele si clemele.[\/vc_column_text][vc_row_inner][vc_column_inner][vc_column_text woodmart_inline=&#8221;no&#8221; text_larger=&#8221;no&#8221;]<\/p>\n<h3>Alternativa banda de legat PET 12&#215;0.55 3000 ml<\/h3>\n<p><strong>Band\u0103 PP (polipropilen\u0103)<\/strong> \u2013 are o elasticitate m\u0103rit\u0103, rezisten\u021b\u0103 mare la rupere \u0219i un coeficient de elonga\u021bie foarte mare. Indiferent de dimensiunile produselor dumneavoastr\u0103, acestea sunt legate manual sau automat, \u00een func\u021bie de sistemul ales de dumneavoastr\u0103, prin folosirea capselor metalice sau prin termosudur\u0103. Pentru lipirea prin termosudura este nevoie de un aparat profesional. Comercializam <a href=\"https:\/\/ambalaje-oradea.ro\/produs\/banda-de-legat-pp-12x0-55-10-kg\/\">banda PP de 12&#215;0.55<\/a> si <a href=\"https:\/\/ambalaje-oradea.ro\/produs\/banda-de-legat-pp-16x0-65-10-kg\/\">banda PP 16&#215;0.65<\/a>.[\/vc_column_text][\/vc_column_inner][\/vc_row_inner][vc_row_inner][vc_column_inner][vc_column_text woodmart_inline=&#8221;no&#8221; text_larger=&#8221;no&#8221;]<\/p>\n<h3>Alte produse din industria de packging<\/h3>\n<p>Alaturi de benzi de legat PP sau PET si accesoriile acestora, va oferim produse precum: <a href=\"https:\/\/axtrom.ro\/shop\/cutii-carton\/\" data-internallinksmanager029f6b8e52c=\"12\" title=\"cutii de carton\">cutii de carton<\/a>, <a href=\"https:\/\/axtrom.ro\/shop\/banda-adeziva\/\" data-internallinksmanager029f6b8e52c=\"8\" title=\"benzi adezive\">benzi adezive<\/a> acrilice sau solvent clasica sau colorata, folie cu bule de 40\/60\/70 grame debitate la dimensiunile clientului, <a href=\"https:\/\/axtrom.ro\/shop\/folie-stretch\/folie-stretch-manuala\/\" data-internallinksmanager029f6b8e52c=\"25\" title=\"Folie stretch manuala\">folie stretch manuala<\/a> si automata, coltare de carton, profile din PEE,\u00a0 dar si pungi din politieliena si folie termo din polietilena natur sau reciclat.[\/vc_column_text][\/vc_column_inner][\/vc_row_inner][\/vc_column][\/vc_row]<\/p>\n<\/div>","protected":false},"excerpt":{"rendered":"<p>[vc_row][vc_column][vc_column_text woodmart_inline=&#8221;no&#8221; text_larger=&#8221;no&#8221;] Banda de legat PET 12&#215;0.55 3000 ml (verde) Este un produs destinat ambal\u0103rii finale, pentru \u00eenlocuirea benzii<\/p>\n","protected":false},"featured_media":1000000111626549,"comment_status":"open","ping_status":"closed","template":"","meta":[],"product_brand":[],"product_cat":[619,618],"product_tag":[764,765,766],"class_list":{"0":"post-111627193","1":"product","2":"type-product","3":"status-publish","4":"has-post-thumbnail","6":"product_cat-accesorii-paletizare","7":"product_cat-accesorii","8":"product_tag-banda-de-legat-pet","9":"product_tag-banda-pet","10":"product_tag-benzi-de-legat","11":"product_shipping_class-banda-pp","12":"pa_lungime-3000-ml","14":"first","15":"instock","16":"taxable","17":"shipping-taxable","18":"purchasable","19":"product-type-simple"},"tiered_pricing_type":"fixed","tiered_pricing_fixed_rules":[],"tiered_pricing_percentage_rules":[],"tiered_pricing_minimum":1,"_administrator_tiered_pricing_type":"fixed","_administrator_tiered_pricing_fixed_rules":[],"_editor_tiered_pricing_type":"fixed","_editor_tiered_pricing_fixed_rules":[],"_author_tiered_pricing_type":"fixed","_author_tiered_pricing_fixed_rules":[],"_contributor_tiered_pricing_type":"fixed","_contributor_tiered_pricing_fixed_rules":[],"_subscriber_tiered_pricing_type":"fixed","_subscriber_tiered_pricing_fixed_rules":[],"_customer_tiered_pricing_type":"fixed","_customer_tiered_pricing_fixed_rules":[],"_shop_manager_tiered_pricing_type":"fixed","_shop_manager_tiered_pricing_fixed_rules":[],"_vendor_staff_tiered_pricing_type":"fixed","_vendor_staff_tiered_pricing_fixed_rules":[],"_seller_tiered_pricing_type":"fixed","_seller_tiered_pricing_fixed_rules":[],"_translator_tiered_pricing_type":"fixed","_translator_tiered_pricing_fixed_rules":[],"_pending_user_tiered_pricing_type":"fixed","_pending_user_tiered_pricing_fixed_rules":[],"_suspended_tiered_pricing_type":"fixed","_suspended_tiered_pricing_fixed_rules":[],"_gold_tiered_pricing_type":"fixed","_gold_tiered_pricing_fixed_rules":[],"_fue_manager_tiered_pricing_type":"fixed","_fue_manager_tiered_pricing_fixed_rules":[],"_wpseo_manager_tiered_pricing_type":"fixed","_wpseo_manager_tiered_pricing_fixed_rules":[],"_wpseo_editor_tiered_pricing_type":"fixed","_wpseo_editor_tiered_pricing_fixed_rules":[],"yoast_head":"<!-- This site is optimized with the Yoast SEO plugin v26.4 - https:\/\/yoast.com\/wordpress\/plugins\/seo\/ -->\n<title>Banda de legat PET 12x0.55 3000 m<\/title>\n<meta name=\"description\" content=\"Banda de legat PET 12x0.55 3000 ml pentru paletizat sau legat \/ asigurat marfa pentru transport si\/sau depozitare. Banda PET de 12 sau 15.5 mm.\" \/>\n<meta name=\"robots\" content=\"index, follow, max-snippet:-1, max-image-preview:large, max-video-preview:-1\" \/>\n<link rel=\"canonical\" href=\"https:\/\/axtrom.ro\/shop\/produs\/banda-de-legat-pet-12x0-55-3000-ml\/\" \/>\n<meta property=\"og:locale\" content=\"ro_RO\" \/>\n<meta property=\"og:type\" content=\"article\" \/>\n<meta property=\"og:title\" content=\"Banda de legat PET 12x0.55 3000 m\" \/>\n<meta property=\"og:description\" content=\"Banda de legat PET 12x0.55 3000 ml pentru paletizat sau legat \/ asigurat marfa pentru transport si\/sau depozitare. Banda PET de 12 sau 15.5 mm.\" \/>\n<meta property=\"og:url\" content=\"https:\/\/axtrom.ro\/shop\/produs\/banda-de-legat-pet-12x0-55-3000-ml\/\" \/>\n<meta property=\"og:site_name\" content=\"Magazin online cu produse de packaging.\" \/>\n<meta property=\"article:modified_time\" content=\"2025-07-31T06:43:38+00:00\" \/>\n<meta property=\"og:image\" content=\"https:\/\/axtrom.ro\/shop\/wp-content\/uploads\/2023\/05\/Logo-Axtrom.jpg\" \/>\n\t<meta property=\"og:image:width\" content=\"220\" \/>\n\t<meta property=\"og:image:height\" content=\"71\" \/>\n\t<meta property=\"og:image:type\" content=\"image\/jpeg\" \/>\n<meta name=\"twitter:card\" content=\"summary_large_image\" \/>\n<meta name=\"twitter:label1\" content=\"Timp estimat pentru citire\" \/>\n\t<meta name=\"twitter:data1\" content=\"2 minute\" \/>\n<script type=\"application\/ld+json\" class=\"yoast-schema-graph\">{\"@context\":\"https:\/\/schema.org\",\"@graph\":[{\"@type\":\"WebPage\",\"@id\":\"https:\/\/axtrom.ro\/shop\/produs\/banda-de-legat-pet-12x0-55-3000-ml\/\",\"url\":\"https:\/\/axtrom.ro\/shop\/produs\/banda-de-legat-pet-12x0-55-3000-ml\/\",\"name\":\"Banda de legat PET 12x0.55 3000 m\",\"isPartOf\":{\"@id\":\"https:\/\/axtrom.ro\/shop\/#website\"},\"primaryImageOfPage\":{\"@id\":\"https:\/\/axtrom.ro\/shop\/produs\/banda-de-legat-pet-12x0-55-3000-ml\/#primaryimage\"},\"image\":{\"@id\":\"https:\/\/axtrom.ro\/shop\/produs\/banda-de-legat-pet-12x0-55-3000-ml\/#primaryimage\"},\"thumbnailUrl\":\"https:\/\/rgi.ro\/wp-content\/uploads\/2022\/06\/banda-de-legare-PET.webp\",\"datePublished\":\"2024-03-12T11:14:11+00:00\",\"dateModified\":\"2025-07-31T06:43:38+00:00\",\"description\":\"Banda de legat PET 12x0.55 3000 ml pentru paletizat sau legat \/ asigurat marfa pentru transport si\/sau depozitare. Banda PET de 12 sau 15.5 mm.\",\"breadcrumb\":{\"@id\":\"https:\/\/axtrom.ro\/shop\/produs\/banda-de-legat-pet-12x0-55-3000-ml\/#breadcrumb\"},\"inLanguage\":\"ro-RO\",\"potentialAction\":[{\"@type\":\"ReadAction\",\"target\":[\"https:\/\/axtrom.ro\/shop\/produs\/banda-de-legat-pet-12x0-55-3000-ml\/\"]}]},{\"@type\":\"ImageObject\",\"inLanguage\":\"ro-RO\",\"@id\":\"https:\/\/axtrom.ro\/shop\/produs\/banda-de-legat-pet-12x0-55-3000-ml\/#primaryimage\",\"url\":\"https:\/\/rgi.ro\/wp-content\/uploads\/2022\/06\/banda-de-legare-PET.webp\",\"contentUrl\":\"https:\/\/rgi.ro\/wp-content\/uploads\/2022\/06\/banda-de-legare-PET.webp\"},{\"@type\":\"BreadcrumbList\",\"@id\":\"https:\/\/axtrom.ro\/shop\/produs\/banda-de-legat-pet-12x0-55-3000-ml\/#breadcrumb\",\"itemListElement\":[{\"@type\":\"ListItem\",\"position\":1,\"name\":\"Magazin\",\"item\":\"https:\/\/axtrom.ro\/shop\/magazin\/\"},{\"@type\":\"ListItem\",\"position\":2,\"name\":\"Banda de legat PET 12&#215;0.55 3000 ml (verde)\"}]},{\"@type\":\"WebSite\",\"@id\":\"https:\/\/axtrom.ro\/shop\/#website\",\"url\":\"https:\/\/axtrom.ro\/shop\/\",\"name\":\"Magazin online cu produse de packaging.\",\"description\":\"Cutii carton, banda adeziva, folie cu bule, folie stretch, polietilena si polietilena expandata.\",\"publisher\":{\"@id\":\"https:\/\/axtrom.ro\/shop\/#organization\"},\"potentialAction\":[{\"@type\":\"SearchAction\",\"target\":{\"@type\":\"EntryPoint\",\"urlTemplate\":\"https:\/\/axtrom.ro\/shop\/?s={search_term_string}\"},\"query-input\":{\"@type\":\"PropertyValueSpecification\",\"valueRequired\":true,\"valueName\":\"search_term_string\"}}],\"inLanguage\":\"ro-RO\"},{\"@type\":\"Organization\",\"@id\":\"https:\/\/axtrom.ro\/shop\/#organization\",\"name\":\"Axtrom |srl\",\"alternateName\":\"Complete packaging solutions\",\"url\":\"https:\/\/axtrom.ro\/shop\/\",\"logo\":{\"@type\":\"ImageObject\",\"inLanguage\":\"ro-RO\",\"@id\":\"https:\/\/axtrom.ro\/shop\/#\/schema\/logo\/image\/\",\"url\":\"https:\/\/axtrom.ro\/shop\/wp-content\/uploads\/2023\/05\/Logo-Axtrom.jpg\",\"contentUrl\":\"https:\/\/axtrom.ro\/shop\/wp-content\/uploads\/2023\/05\/Logo-Axtrom.jpg\",\"width\":220,\"height\":71,\"caption\":\"Axtrom |srl\"},\"image\":{\"@id\":\"https:\/\/axtrom.ro\/shop\/#\/schema\/logo\/image\/\"}}]}<\/script>\n<!-- \/ Yoast SEO plugin. -->","yoast_head_json":{"title":"Banda de legat PET 12x0.55 3000 m","description":"Banda de legat PET 12x0.55 3000 ml pentru paletizat sau legat \/ asigurat marfa pentru transport si\/sau depozitare. Banda PET de 12 sau 15.5 mm.","robots":{"index":"index","follow":"follow","max-snippet":"max-snippet:-1","max-image-preview":"max-image-preview:large","max-video-preview":"max-video-preview:-1"},"canonical":"https:\/\/axtrom.ro\/shop\/produs\/banda-de-legat-pet-12x0-55-3000-ml\/","og_locale":"ro_RO","og_type":"article","og_title":"Banda de legat PET 12x0.55 3000 m","og_description":"Banda de legat PET 12x0.55 3000 ml pentru paletizat sau legat \/ asigurat marfa pentru transport si\/sau depozitare. Banda PET de 12 sau 15.5 mm.","og_url":"https:\/\/axtrom.ro\/shop\/produs\/banda-de-legat-pet-12x0-55-3000-ml\/","og_site_name":"Magazin online cu produse de packaging.","article_modified_time":"2025-07-31T06:43:38+00:00","og_image":[{"width":220,"height":71,"url":"https:\/\/axtrom.ro\/shop\/wp-content\/uploads\/2023\/05\/Logo-Axtrom.jpg","type":"image\/jpeg"}],"twitter_card":"summary_large_image","twitter_misc":{"Timp estimat pentru citire":"2 minute"},"schema":{"@context":"https:\/\/schema.org","@graph":[{"@type":"WebPage","@id":"https:\/\/axtrom.ro\/shop\/produs\/banda-de-legat-pet-12x0-55-3000-ml\/","url":"https:\/\/axtrom.ro\/shop\/produs\/banda-de-legat-pet-12x0-55-3000-ml\/","name":"Banda de legat PET 12x0.55 3000 m","isPartOf":{"@id":"https:\/\/axtrom.ro\/shop\/#website"},"primaryImageOfPage":{"@id":"https:\/\/axtrom.ro\/shop\/produs\/banda-de-legat-pet-12x0-55-3000-ml\/#primaryimage"},"image":{"@id":"https:\/\/axtrom.ro\/shop\/produs\/banda-de-legat-pet-12x0-55-3000-ml\/#primaryimage"},"thumbnailUrl":"https:\/\/rgi.ro\/wp-content\/uploads\/2022\/06\/banda-de-legare-PET.webp","datePublished":"2024-03-12T11:14:11+00:00","dateModified":"2025-07-31T06:43:38+00:00","description":"Banda de legat PET 12x0.55 3000 ml pentru paletizat sau legat \/ asigurat marfa pentru transport si\/sau depozitare. Banda PET de 12 sau 15.5 mm.","breadcrumb":{"@id":"https:\/\/axtrom.ro\/shop\/produs\/banda-de-legat-pet-12x0-55-3000-ml\/#breadcrumb"},"inLanguage":"ro-RO","potentialAction":[{"@type":"ReadAction","target":["https:\/\/axtrom.ro\/shop\/produs\/banda-de-legat-pet-12x0-55-3000-ml\/"]}]},{"@type":"ImageObject","inLanguage":"ro-RO","@id":"https:\/\/axtrom.ro\/shop\/produs\/banda-de-legat-pet-12x0-55-3000-ml\/#primaryimage","url":"https:\/\/rgi.ro\/wp-content\/uploads\/2022\/06\/banda-de-legare-PET.webp","contentUrl":"https:\/\/rgi.ro\/wp-content\/uploads\/2022\/06\/banda-de-legare-PET.webp"},{"@type":"BreadcrumbList","@id":"https:\/\/axtrom.ro\/shop\/produs\/banda-de-legat-pet-12x0-55-3000-ml\/#breadcrumb","itemListElement":[{"@type":"ListItem","position":1,"name":"Magazin","item":"https:\/\/axtrom.ro\/shop\/magazin\/"},{"@type":"ListItem","position":2,"name":"Banda de legat PET 12&#215;0.55 3000 ml (verde)"}]},{"@type":"WebSite","@id":"https:\/\/axtrom.ro\/shop\/#website","url":"https:\/\/axtrom.ro\/shop\/","name":"Magazin online cu produse de packaging.","description":"Cutii carton, banda adeziva, folie cu bule, folie stretch, polietilena si polietilena expandata.","publisher":{"@id":"https:\/\/axtrom.ro\/shop\/#organization"},"potentialAction":[{"@type":"SearchAction","target":{"@type":"EntryPoint","urlTemplate":"https:\/\/axtrom.ro\/shop\/?s={search_term_string}"},"query-input":{"@type":"PropertyValueSpecification","valueRequired":true,"valueName":"search_term_string"}}],"inLanguage":"ro-RO"},{"@type":"Organization","@id":"https:\/\/axtrom.ro\/shop\/#organization","name":"Axtrom |srl","alternateName":"Complete packaging solutions","url":"https:\/\/axtrom.ro\/shop\/","logo":{"@type":"ImageObject","inLanguage":"ro-RO","@id":"https:\/\/axtrom.ro\/shop\/#\/schema\/logo\/image\/","url":"https:\/\/axtrom.ro\/shop\/wp-content\/uploads\/2023\/05\/Logo-Axtrom.jpg","contentUrl":"https:\/\/axtrom.ro\/shop\/wp-content\/uploads\/2023\/05\/Logo-Axtrom.jpg","width":220,"height":71,"caption":"Axtrom |srl"},"image":{"@id":"https:\/\/axtrom.ro\/shop\/#\/schema\/logo\/image\/"}}]}},"_links":{"self":[{"href":"https:\/\/axtrom.ro\/shop\/wp-json\/wp\/v2\/product\/111627193","targetHints":{"allow":["GET"]}}],"collection":[{"href":"https:\/\/axtrom.ro\/shop\/wp-json\/wp\/v2\/product"}],"about":[{"href":"https:\/\/axtrom.ro\/shop\/wp-json\/wp\/v2\/types\/product"}],"replies":[{"embeddable":true,"href":"https:\/\/axtrom.ro\/shop\/wp-json\/wp\/v2\/comments?post=111627193"}],"wp:featuredmedia":[{"embeddable":true,"href":"https:\/\/axtrom.ro\/shop\/wp-json\/"}],"wp:attachment":[{"href":"https:\/\/axtrom.ro\/shop\/wp-json\/wp\/v2\/media?parent=111627193"}],"wp:term":[{"taxonomy":"product_brand","embeddable":true,"href":"https:\/\/axtrom.ro\/shop\/wp-json\/wp\/v2\/product_brand?post=111627193"},{"taxonomy":"product_cat","embeddable":true,"href":"https:\/\/axtrom.ro\/shop\/wp-json\/wp\/v2\/product_cat?post=111627193"},{"taxonomy":"product_tag","embeddable":true,"href":"https:\/\/axtrom.ro\/shop\/wp-json\/wp\/v2\/product_tag?post=111627193"}],"curies":[{"name":"wp","href":"https:\/\/api.w.org\/{rel}","templated":true}]}}