{"id":111626521,"date":"2022-06-27T10:12:57","date_gmt":"2022-06-27T08:12:57","guid":{"rendered":"https:\/\/axtrom.ro\/shop\/?post_type=product&#038;p=111626521"},"modified":"2025-07-31T09:03:29","modified_gmt":"2025-07-31T07:03:29","slug":"dispenser-banda-adeziva-pvc","status":"publish","type":"product","link":"https:\/\/axtrom.ro\/shop\/produs\/dispenser-banda-adeziva-pvc\/","title":{"rendered":"Dispenser band\u0103 adeziv\u0103 PVC"},"content":{"rendered":"<div class=\"wpb-content-wrapper\"><p>[vc_row][vc_column][vc_column_text woodmart_inline=&#8221;no&#8221; text_larger=&#8221;no&#8221;]Dispenserul de band\u0103 adeziv\u0103 PVC, se foloseste cu benzile adezive PVC. Acesta se foloseste in industria panificatiei, fiind folosit la sigilarea pungilor de paine.[\/vc_column_text][\/vc_column][\/vc_row]<\/p>\n<\/div>","protected":false},"excerpt":{"rendered":"<p>[vc_row][vc_column][vc_column_text woodmart_inline=&#8221;no&#8221; text_larger=&#8221;no&#8221;]Dispenserul de band\u0103 adeziv\u0103 PVC, se foloseste cu benzile adezive PVC. Acesta se foloseste in industria panificatiei, fiind<\/p>\n","protected":false},"featured_media":1000000111626523,"comment_status":"open","ping_status":"closed","template":"","meta":[],"product_brand":[],"product_cat":[133,164],"product_tag":[607,606,608],"class_list":{"0":"post-111626521","1":"product","2":"type-product","3":"status-publish","4":"has-post-thumbnail","6":"product_cat-accesorii-benzi-adezive","7":"product_cat-banda-adeziva","8":"product_tag-banda-adeziva-pvc","9":"product_tag-dispenser-banda-adeziva-pvc","10":"product_tag-dispenser-pvc","11":"product_shipping_class-banda-adeziva-dispenser-2025","13":"first","14":"instock","15":"taxable","16":"shipping-taxable","17":"purchasable","18":"product-type-simple"},"tiered_pricing_type":"fixed","tiered_pricing_fixed_rules":[],"tiered_pricing_percentage_rules":[],"tiered_pricing_minimum":1,"_administrator_tiered_pricing_type":"fixed","_administrator_tiered_pricing_fixed_rules":[],"_editor_tiered_pricing_type":"fixed","_editor_tiered_pricing_fixed_rules":[],"_author_tiered_pricing_type":"fixed","_author_tiered_pricing_fixed_rules":[],"_contributor_tiered_pricing_type":"fixed","_contributor_tiered_pricing_fixed_rules":[],"_subscriber_tiered_pricing_type":"fixed","_subscriber_tiered_pricing_fixed_rules":[],"_customer_tiered_pricing_type":"fixed","_customer_tiered_pricing_fixed_rules":[],"_shop_manager_tiered_pricing_type":"fixed","_shop_manager_tiered_pricing_fixed_rules":[],"_vendor_staff_tiered_pricing_type":"fixed","_vendor_staff_tiered_pricing_fixed_rules":[],"_seller_tiered_pricing_type":"fixed","_seller_tiered_pricing_fixed_rules":[],"_translator_tiered_pricing_type":"fixed","_translator_tiered_pricing_fixed_rules":[],"_pending_user_tiered_pricing_type":"fixed","_pending_user_tiered_pricing_fixed_rules":[],"_suspended_tiered_pricing_type":"fixed","_suspended_tiered_pricing_fixed_rules":[],"_gold_tiered_pricing_type":"fixed","_gold_tiered_pricing_fixed_rules":[],"_fue_manager_tiered_pricing_type":"fixed","_fue_manager_tiered_pricing_fixed_rules":[],"_wpseo_manager_tiered_pricing_type":"fixed","_wpseo_manager_tiered_pricing_fixed_rules":[],"_wpseo_editor_tiered_pricing_type":"fixed","_wpseo_editor_tiered_pricing_fixed_rules":[],"yoast_head":"<!-- This site is optimized with the Yoast SEO plugin v26.4 - https:\/\/yoast.com\/wordpress\/plugins\/seo\/ -->\n<title>Dispenser band\u0103 adeziv\u0103 PVC<\/title>\n<meta name=\"description\" content=\"Dispenserul de band\u0103 adeziv\u0103 PVC, se foloseste cu benzile adezive PVC. Acesta se foloseste in industria panificatiei, fiind folosit la sigilarea pungilor de paine.\" \/>\n<meta name=\"robots\" content=\"index, follow, max-snippet:-1, max-image-preview:large, max-video-preview:-1\" \/>\n<link rel=\"canonical\" href=\"https:\/\/axtrom.ro\/shop\/produs\/dispenser-banda-adeziva-pvc\/\" \/>\n<meta property=\"og:locale\" content=\"ro_RO\" \/>\n<meta property=\"og:type\" content=\"article\" \/>\n<meta property=\"og:title\" content=\"Dispenser band\u0103 adeziv\u0103 PVC\" \/>\n<meta property=\"og:description\" content=\"Dispenserul de band\u0103 adeziv\u0103 PVC, se foloseste cu benzile adezive PVC. Acesta se foloseste in industria panificatiei, fiind folosit la sigilarea pungilor de paine.\" \/>\n<meta property=\"og:url\" content=\"https:\/\/axtrom.ro\/shop\/produs\/dispenser-banda-adeziva-pvc\/\" \/>\n<meta property=\"og:site_name\" content=\"Magazin online cu produse de packaging.\" \/>\n<meta property=\"article:modified_time\" content=\"2025-07-31T07:03:29+00:00\" \/>\n<meta property=\"og:image\" content=\"https:\/\/axtrom.ro\/shop\/wp-content\/uploads\/2023\/05\/Logo-Axtrom.jpg\" \/>\n\t<meta property=\"og:image:width\" content=\"220\" \/>\n\t<meta property=\"og:image:height\" content=\"71\" \/>\n\t<meta property=\"og:image:type\" content=\"image\/jpeg\" \/>\n<meta name=\"twitter:card\" content=\"summary_large_image\" \/>\n<script type=\"application\/ld+json\" class=\"yoast-schema-graph\">{\"@context\":\"https:\/\/schema.org\",\"@graph\":[{\"@type\":\"WebPage\",\"@id\":\"https:\/\/axtrom.ro\/shop\/produs\/dispenser-banda-adeziva-pvc\/\",\"url\":\"https:\/\/axtrom.ro\/shop\/produs\/dispenser-banda-adeziva-pvc\/\",\"name\":\"Dispenser band\u0103 adeziv\u0103 PVC\",\"isPartOf\":{\"@id\":\"https:\/\/axtrom.ro\/shop\/#website\"},\"primaryImageOfPage\":{\"@id\":\"https:\/\/axtrom.ro\/shop\/produs\/dispenser-banda-adeziva-pvc\/#primaryimage\"},\"image\":{\"@id\":\"https:\/\/axtrom.ro\/shop\/produs\/dispenser-banda-adeziva-pvc\/#primaryimage\"},\"thumbnailUrl\":\"https:\/\/rgi.ro\/wp-content\/uploads\/2022\/06\/dispenser-pvc.webp\",\"datePublished\":\"2022-06-27T08:12:57+00:00\",\"dateModified\":\"2025-07-31T07:03:29+00:00\",\"description\":\"Dispenserul de band\u0103 adeziv\u0103 PVC, se foloseste cu benzile adezive PVC. Acesta se foloseste in industria panificatiei, fiind folosit la sigilarea pungilor de paine.\",\"breadcrumb\":{\"@id\":\"https:\/\/axtrom.ro\/shop\/produs\/dispenser-banda-adeziva-pvc\/#breadcrumb\"},\"inLanguage\":\"ro-RO\",\"potentialAction\":[{\"@type\":\"ReadAction\",\"target\":[\"https:\/\/axtrom.ro\/shop\/produs\/dispenser-banda-adeziva-pvc\/\"]}]},{\"@type\":\"ImageObject\",\"inLanguage\":\"ro-RO\",\"@id\":\"https:\/\/axtrom.ro\/shop\/produs\/dispenser-banda-adeziva-pvc\/#primaryimage\",\"url\":\"https:\/\/rgi.ro\/wp-content\/uploads\/2022\/06\/dispenser-pvc.webp\",\"contentUrl\":\"https:\/\/rgi.ro\/wp-content\/uploads\/2022\/06\/dispenser-pvc.webp\"},{\"@type\":\"BreadcrumbList\",\"@id\":\"https:\/\/axtrom.ro\/shop\/produs\/dispenser-banda-adeziva-pvc\/#breadcrumb\",\"itemListElement\":[{\"@type\":\"ListItem\",\"position\":1,\"name\":\"Magazin\",\"item\":\"https:\/\/axtrom.ro\/shop\/magazin\/\"},{\"@type\":\"ListItem\",\"position\":2,\"name\":\"Dispenser band\u0103 adeziv\u0103 PVC\"}]},{\"@type\":\"WebSite\",\"@id\":\"https:\/\/axtrom.ro\/shop\/#website\",\"url\":\"https:\/\/axtrom.ro\/shop\/\",\"name\":\"Magazin online cu produse de packaging.\",\"description\":\"Cutii carton, banda adeziva, folie cu bule, folie stretch, polietilena si polietilena expandata.\",\"publisher\":{\"@id\":\"https:\/\/axtrom.ro\/shop\/#organization\"},\"potentialAction\":[{\"@type\":\"SearchAction\",\"target\":{\"@type\":\"EntryPoint\",\"urlTemplate\":\"https:\/\/axtrom.ro\/shop\/?s={search_term_string}\"},\"query-input\":{\"@type\":\"PropertyValueSpecification\",\"valueRequired\":true,\"valueName\":\"search_term_string\"}}],\"inLanguage\":\"ro-RO\"},{\"@type\":\"Organization\",\"@id\":\"https:\/\/axtrom.ro\/shop\/#organization\",\"name\":\"Axtrom |srl\",\"alternateName\":\"Complete packaging solutions\",\"url\":\"https:\/\/axtrom.ro\/shop\/\",\"logo\":{\"@type\":\"ImageObject\",\"inLanguage\":\"ro-RO\",\"@id\":\"https:\/\/axtrom.ro\/shop\/#\/schema\/logo\/image\/\",\"url\":\"https:\/\/axtrom.ro\/shop\/wp-content\/uploads\/2023\/05\/Logo-Axtrom.jpg\",\"contentUrl\":\"https:\/\/axtrom.ro\/shop\/wp-content\/uploads\/2023\/05\/Logo-Axtrom.jpg\",\"width\":220,\"height\":71,\"caption\":\"Axtrom |srl\"},\"image\":{\"@id\":\"https:\/\/axtrom.ro\/shop\/#\/schema\/logo\/image\/\"}}]}<\/script>\n<!-- \/ Yoast SEO plugin. -->","yoast_head_json":{"title":"Dispenser band\u0103 adeziv\u0103 PVC","description":"Dispenserul de band\u0103 adeziv\u0103 PVC, se foloseste cu benzile adezive PVC. Acesta se foloseste in industria panificatiei, fiind folosit la sigilarea pungilor de paine.","robots":{"index":"index","follow":"follow","max-snippet":"max-snippet:-1","max-image-preview":"max-image-preview:large","max-video-preview":"max-video-preview:-1"},"canonical":"https:\/\/axtrom.ro\/shop\/produs\/dispenser-banda-adeziva-pvc\/","og_locale":"ro_RO","og_type":"article","og_title":"Dispenser band\u0103 adeziv\u0103 PVC","og_description":"Dispenserul de band\u0103 adeziv\u0103 PVC, se foloseste cu benzile adezive PVC. Acesta se foloseste in industria panificatiei, fiind folosit la sigilarea pungilor de paine.","og_url":"https:\/\/axtrom.ro\/shop\/produs\/dispenser-banda-adeziva-pvc\/","og_site_name":"Magazin online cu produse de packaging.","article_modified_time":"2025-07-31T07:03:29+00:00","og_image":[{"width":220,"height":71,"url":"https:\/\/axtrom.ro\/shop\/wp-content\/uploads\/2023\/05\/Logo-Axtrom.jpg","type":"image\/jpeg"}],"twitter_card":"summary_large_image","schema":{"@context":"https:\/\/schema.org","@graph":[{"@type":"WebPage","@id":"https:\/\/axtrom.ro\/shop\/produs\/dispenser-banda-adeziva-pvc\/","url":"https:\/\/axtrom.ro\/shop\/produs\/dispenser-banda-adeziva-pvc\/","name":"Dispenser band\u0103 adeziv\u0103 PVC","isPartOf":{"@id":"https:\/\/axtrom.ro\/shop\/#website"},"primaryImageOfPage":{"@id":"https:\/\/axtrom.ro\/shop\/produs\/dispenser-banda-adeziva-pvc\/#primaryimage"},"image":{"@id":"https:\/\/axtrom.ro\/shop\/produs\/dispenser-banda-adeziva-pvc\/#primaryimage"},"thumbnailUrl":"https:\/\/rgi.ro\/wp-content\/uploads\/2022\/06\/dispenser-pvc.webp","datePublished":"2022-06-27T08:12:57+00:00","dateModified":"2025-07-31T07:03:29+00:00","description":"Dispenserul de band\u0103 adeziv\u0103 PVC, se foloseste cu benzile adezive PVC. Acesta se foloseste in industria panificatiei, fiind folosit la sigilarea pungilor de paine.","breadcrumb":{"@id":"https:\/\/axtrom.ro\/shop\/produs\/dispenser-banda-adeziva-pvc\/#breadcrumb"},"inLanguage":"ro-RO","potentialAction":[{"@type":"ReadAction","target":["https:\/\/axtrom.ro\/shop\/produs\/dispenser-banda-adeziva-pvc\/"]}]},{"@type":"ImageObject","inLanguage":"ro-RO","@id":"https:\/\/axtrom.ro\/shop\/produs\/dispenser-banda-adeziva-pvc\/#primaryimage","url":"https:\/\/rgi.ro\/wp-content\/uploads\/2022\/06\/dispenser-pvc.webp","contentUrl":"https:\/\/rgi.ro\/wp-content\/uploads\/2022\/06\/dispenser-pvc.webp"},{"@type":"BreadcrumbList","@id":"https:\/\/axtrom.ro\/shop\/produs\/dispenser-banda-adeziva-pvc\/#breadcrumb","itemListElement":[{"@type":"ListItem","position":1,"name":"Magazin","item":"https:\/\/axtrom.ro\/shop\/magazin\/"},{"@type":"ListItem","position":2,"name":"Dispenser band\u0103 adeziv\u0103 PVC"}]},{"@type":"WebSite","@id":"https:\/\/axtrom.ro\/shop\/#website","url":"https:\/\/axtrom.ro\/shop\/","name":"Magazin online cu produse de packaging.","description":"Cutii carton, banda adeziva, folie cu bule, folie stretch, polietilena si polietilena expandata.","publisher":{"@id":"https:\/\/axtrom.ro\/shop\/#organization"},"potentialAction":[{"@type":"SearchAction","target":{"@type":"EntryPoint","urlTemplate":"https:\/\/axtrom.ro\/shop\/?s={search_term_string}"},"query-input":{"@type":"PropertyValueSpecification","valueRequired":true,"valueName":"search_term_string"}}],"inLanguage":"ro-RO"},{"@type":"Organization","@id":"https:\/\/axtrom.ro\/shop\/#organization","name":"Axtrom |srl","alternateName":"Complete packaging solutions","url":"https:\/\/axtrom.ro\/shop\/","logo":{"@type":"ImageObject","inLanguage":"ro-RO","@id":"https:\/\/axtrom.ro\/shop\/#\/schema\/logo\/image\/","url":"https:\/\/axtrom.ro\/shop\/wp-content\/uploads\/2023\/05\/Logo-Axtrom.jpg","contentUrl":"https:\/\/axtrom.ro\/shop\/wp-content\/uploads\/2023\/05\/Logo-Axtrom.jpg","width":220,"height":71,"caption":"Axtrom |srl"},"image":{"@id":"https:\/\/axtrom.ro\/shop\/#\/schema\/logo\/image\/"}}]}},"_links":{"self":[{"href":"https:\/\/axtrom.ro\/shop\/wp-json\/wp\/v2\/product\/111626521","targetHints":{"allow":["GET"]}}],"collection":[{"href":"https:\/\/axtrom.ro\/shop\/wp-json\/wp\/v2\/product"}],"about":[{"href":"https:\/\/axtrom.ro\/shop\/wp-json\/wp\/v2\/types\/product"}],"replies":[{"embeddable":true,"href":"https:\/\/axtrom.ro\/shop\/wp-json\/wp\/v2\/comments?post=111626521"}],"wp:featuredmedia":[{"embeddable":true,"href":"https:\/\/axtrom.ro\/shop\/wp-json\/"}],"wp:attachment":[{"href":"https:\/\/axtrom.ro\/shop\/wp-json\/wp\/v2\/media?parent=111626521"}],"wp:term":[{"taxonomy":"product_brand","embeddable":true,"href":"https:\/\/axtrom.ro\/shop\/wp-json\/wp\/v2\/product_brand?post=111626521"},{"taxonomy":"product_cat","embeddable":true,"href":"https:\/\/axtrom.ro\/shop\/wp-json\/wp\/v2\/product_cat?post=111626521"},{"taxonomy":"product_tag","embeddable":true,"href":"https:\/\/axtrom.ro\/shop\/wp-json\/wp\/v2\/product_tag?post=111626521"}],"curies":[{"name":"wp","href":"https:\/\/api.w.org\/{rel}","templated":true}]}}